 n?
9
Let m = -51 + 57. What is the units digit of m?
6
Let u = -57 + 103. What is the units digit of u?
6
Let k(m) = -m**2 - 11*m - 4. Let c be k(-9). Let r = c - 9. What is the units digit of r?
5
Let h = -10 - -16. Suppose v - h = -1. Suppose 0 = -r + j - 1, 4*r + 3*j - 2 = v*j. What is the units digit of r?
2
Let t(v) = -25*v**3 + v**2 + v + 1. Let j be t(-1). What is the units digit of 0 + j - (-9)/(-3)?
3
Suppose -3*g + 42 = 3*r, -g - 2*g + 4*r = -28. Let p = g - 6. What is the units digit of p?
6
Let c(g) = -2*g + 1. What is the units digit of c(-4)?
9
Let b be (-1)/5 + (-682)/(-10). Suppose 0 = 4*m + b - 8. What is the units digit of 2/(-6) + (-65)/m?
4
Let l = -2 + 4. Suppose p - l = -0*p. What is the units digit of p?
2
Let u(z) = z**3 - 7*z**2 - z + 8. Let j(a) = a**3 + a**2 - a + 7. Let h be j(0). What is the units digit of u(h)?
1
Let z = -6 - -12. Let j(q) = q**2 + q + 1. Let y be j(-1). What is the units digit of (z + y)*(3 + -2)?
7
Let g be (-2 - (-9)/3) + 2. Suppose -r = 4*d + 3*r - 224, -d + g*r + 36 = 0. What is the tens digit of d?
5
Let t be (2/(-6))/(3/(-45)). Suppose 2*f + 10 = 5*r, -t*r + 7 = 4*f + 27. Suppose -2*s = -r*s - 18. What is the units digit of s?
9
Suppose 4*o = 2*f + 2, 16 = 2*o + 6*f - 2*f. Suppose h = 5*w + 42, -w - 2*w = o*h - 19. What is the units digit of h?
7
Suppose m + 2*m - 321 = 0. Let l = m - 76. What is the tens digit of l?
3
Let u(g) = -4*g - 8. Let t be u(-6). Suppose -c + 3*c - 8 = i, 2*c + 4*i = -12. Suppose 3*x = 5*o - 55 + t, o - 12 = c*x. What is the units digit of o?
6
Let y be ((-10)/3)/((-3)/(-9)). Let h be 2/(-5) + 56/y. Let o = 10 + h. What is the units digit of o?
4
Suppose 6 = -3*q + 6*q. What is the units digit of q?
2
Let i be (-5)/(((-165)/(-18))/(-11)). Suppose -26 - i = -j. What is the tens digit of j?
3
Let s(f) = -f**2 + 3 + 7*f + f + 2*f**2 - 4*f. Let h be s(-5). Suppose 4*d - 32 = -h. What is the units digit of d?
6
Suppose 2*d + 80 = 3*m, 60 = 2*m + 2*d + 20. Let j = 46 - m. What is the units digit of j?
2
What is the units digit of 2 - (-1*113 - (7 - 4))?
8
Let v(g) = -g**3 + 14*g**2 + 13*g + 20. What is the hundreds digit of v(14)?
2
Let x(w) = 4*w - 14. Let v be x(11). Let l = v + -3. What is the tens digit of l?
2
Let m(d) = -10*d + 16. Let t(i) = 2*i - 3. Let n(q) = -3*m(q) - 14*t(q). Let g be (-3 - -3 - 4)*-1. What is the units digit of n(g)?
2
Let y(f) = 46*f - 4. Let t be y(4). Suppose 0*x = -4*x + t. What is the tens digit of (-2)/(-10) + 801/x?
1
Suppose -4*i + 4*b + 56 = 0, 5*i - 54 = 2*b - b. Let y = i + -5. What is the units digit of y?
5
Let p be (-24)/20*(-20)/6. Suppose -4 = -3*m + m. Suppose -p*x = 4*a - 2 - m, -x = -2*a - 13. What is the units digit of x?
5
Let m be (2 - 5) + -2 + 7. Suppose m*u = 3*u - 4. Suppose 9*y = -3*p + u*y + 80, -p = -y - 16. What is the units digit of p?
0
Suppose -4*f - 51 = -243. What is the units digit of f?
8
Let k = 12 - -14. What is the units digit of k?
6
Suppose 4*p = 9 + 59. What is the units digit of p?
7
Suppose 158 = 2*x + 4*f, x - 96 = 3*f - 7. What is the units digit of x?
3
Let s(g) = -30*g + 30. What is the hundreds digit of s(-7)?
2
Let h(t) = -t**3 - 3*t**2 - 4*t + 1. Suppose -11 - 1 = 3*o. Let d be h(o). Suppose -2*p + d = -3*a + 4*a, 4*p + 3*a - 71 = 0. What is the tens digit of p?
1
Let o be (-3 + 4)/(2/48). Let u be 2/(-9) + 94/18. Suppose -o - 11 = -u*m. What is the units digit of m?
7
Let l(z) = 3*z - 8. Let r(o) = 4*o - 9. Let t(j) = 5*l(j) - 4*r(j). Let p be 18*(1 + 0)/(-2). What is the units digit of t(p)?
5
Let b = -11 + 52. What is the tens digit of b?
4
Let p(x) = 2*x. Let l be p(1). Suppose -3*w = -l*w. Let z = 6 + w. What is the units digit of z?
6
Let y = 6 - 3. Let f = y - -2. What is the units digit of f?
5
Suppose -r + 2*r - 9 = 0. What is the tens digit of (12/r)/(1/12)?
1
Let q = -13 - -74. What is the tens digit of q?
6
Suppose -4*q - 13 + 33 = 2*k, k + 5*q = 22. Suppose 0 = -z + k*w + 13, w = z - 4 - 6. What is the units digit of z?
7
Suppose 0 = 5*j - 2*j - 63. What is the units digit of j?
1
Suppose -3*f = 2*f - 115. What is the units digit of f?
3
Let b(s) = -3*s + 94. What is the units digit of b(0)?
4
Suppose 0 = 11*p - 10*p - 64. What is the units digit of p?
4
Let z = -6 + 9. Let o(s) = s**2 - 1. What is the units digit of o(z)?
8
Let z(b) = 6*b**2 - 23*b - 12. Let d(r) = -2*r**2 + 8*r + 4. Let i(w) = 11*d(w) + 4*z(w). Suppose 0*m - m = -4. What is the tens digit of i(m)?
1
Suppose 3*c - 6*c + 6 = 0, c = 4*q - 46. What is the units digit of q?
2
Let g(d) = 9*d**3 - 2*d**2 + 1. Let n be 4/(-18) - 44/(-36). What is the units digit of g(n)?
8
Suppose 0 = -4*q + q. Let p(k) = -k + 5. Let f be p(q). Suppose 4*m - m - f = -5*r, 3*r = -2*m + 4. What is the units digit of m?
5
Let a(n) = -4*n - 6. Let p be a(-4). Suppose -3*h = -5*y + 2 - 1, -y = -4*h + p. What is the units digit of y?
2
Let n(v) = 2*v - 15. Let z be n(10). Suppose 0 = -2*x - x + z*c + 24, 3*c = 2*x - 16. What is the units digit of x?
8
Let j(z) = 13*z + 4. Let d(i) = -3*i - 1. Let f(k) = -9*d(k) - 2*j(k). Suppose -4*y - 4 + 44 = 0. What is the units digit of f(y)?
1
Suppose -18 = 4*t - 2*q, -3*t + 0*t + 14 = 4*q. What is the units digit of t/(-5) + 312/20?
6
Let i be 8 - (5 + 6/(-3)). Let t = 2 - i. Let j = 16 + t. What is the units digit of j?
3
Suppose 2*s + 0*s - 312 = 0. What is the units digit of s?
6
Suppose -5*l + 43 = -42. What is the tens digit of l?
1
Let d(p) = 3*p**3 - p**2 - p - 1. Let f be d(-1). Let r be (5 - (-2 - f)) + -6. What is the units digit of (r + 0)/(-3 - -2)?
3
Suppose 0 = 5*p - 73 - 247. What is the tens digit of p?
6
Let g(p) = 3*p - p + 3*p**3 + p**2 - 19*p**3 + 1. What is the tens digit of g(-1)?
1
Let j(z) = -z**3 + 5*z**2 + 5*z + 6. Let r be (-18)/3*1/(-1). Let q be j(r). Suppose 5 = 5*n - q. What is the units digit of n?
1
Suppose -3*d = 4*d. Suppose d = -h - 4*h + 150. What is the units digit of h?
0
Suppose -5 - 7 = -3*s. What is the tens digit of (2 - 2 - -7)*s?
2
Let r(a) = 9*a + 22. What is the units digit of r(13)?
9
What is the tens digit of (12/18)/(2/45)?
1
Let j(i) be the third derivative of i**5/60 - 5*i**3/6 + 2*i**2. Let n(t) = -t**3 + 7*t**2 - 4*t - 7. Let v be n(6). What is the units digit of j(v)?
0
Let k = -12 - -5. Let t(w) = -w**3 - 6*w**2 + 6*w - 4. Let o be t(k). Suppose -1 = o*v - 7. What is the units digit of v?
2
Let t(c) be the third derivative of c**7/840 - c**6/180 + c**5/60 + c**4/24 + c**2. Let x(u) be the second derivative of t(u). What is the units digit of x(2)?
6
Let c(t) = -6*t. Let a(f) = -31*f + 1. Let d(g) = -2*a(g) + 11*c(g). What is the units digit of d(-2)?
6
What is the tens digit of 414/5 - (-3)/15?
8
Suppose 3*q + 0*r - 18 = 4*r, 5*q + r = 7. Suppose -d + 3*c + 2 + 2 = 0, 33 = q*d - c. What is the units digit of d?
9
Let p be (0/(-3))/(3 - 0). Suppose 3*y + 2*w = 165, 4*w = -p*w. What is the tens digit of y?
5
Suppose 0*l = -l + 4, -4*b = -5*l - 484. What is the hundreds digit of b?
1
Suppose 5*y - 11 = 9. What is the units digit of y*(5/2 - 1)?
6
Suppose 11*v + 140 = 15*v. What is the tens digit of v?
3
What is the units digit of (-4)/16 + 1263/12?
5
Let l(j) = 9*j + 2. Let o(x) = 44*x + 10. Let d(q) = 11*l(q) - 2*o(q). Let z be d(2). Let n = z + -15. What is the units digit of n?
9
What is the tens digit of -3*(-3)/72 - 2782/(-16)?
7
Let d(c) = 5*c**2 - 2*c + 2. What is the tens digit of d(2)?
1
Suppose -80 = -0*g - g. What is the units digit of g?
0
Let k be 8/(-28) + 228/14. Let h = k + -7. What is the units digit of h?
9
Let q = -2 + 32. What is the tens digit of q?
3
Suppose -4*n + 3*n = -1. What is the units digit of n?
1
Let f be 53/11 + (-2)/(-11). Suppose -f*x + 56 = -14. What is the tens digit of x?
1
What is the tens digit of 68 + -1 - (-60)/(-15)?
6
Suppose -2*l + 4 = -2, -2*t + 3*l - 15 = 0. Let d = 5 - t. What is the units digit of d?
8
Let d = 7 + -3. Suppose 6*p = 3*p - g + 49, -2*p + 28 = -d*g. What is the units digit of p?
6
Let g(j) = j**3 - 10*j**2 + 4. What is the units digit of g(10)?
4
Suppose 10 = -5*p + 35. Suppose 2*t - 2*u = 14, 5*t + p*u = 8 - 3. What is the units digit of t?
4
Suppose -5*a + 67 = 2*d - 26, -4*d - 99 = -5*a. What is the tens digit of a?
1
Let w(z) = z**3 + 6*z**2 - 7*z + 3. Suppose -20 + 6 = 2*q. Wh